{"id":113,"date":"2015-10-22T14:34:37","date_gmt":"2015-10-22T14:34:37","guid":{"rendered":"http:\/\/test.kriesi.at\/construction\/?page_id=113"},"modified":"2025-07-07T13:28:49","modified_gmt":"2025-07-07T13:28:49","slug":"architecture","status":"publish","type":"page","link":"https:\/\/formaconsulting.hu\/?page_id=113","title":{"rendered":"\u00c9p\u00edt\u00e9szeti tervez\u00e9s"},"content":{"rendered":"<div  class='avia-slideshow av-3zqsix-1e9293b363215e60f03fe77ffbff81e2 avia-slideshow-featured_large av_slideshow avia-fade-slider  avia-builder-el-0  el_before_av_one_full  avia-builder-el-first  av-slideshow-ui av-control-hidden av-no-slider-navigation av-hide-nav-arrows av-slideshow-autoplay av-loop-endless av-loop-manual-endless av-default-height-applied avia-slideshow-1' data-slideshow-options=\"{&quot;animation&quot;:&quot;fade&quot;,&quot;autoplay&quot;:true,&quot;loop_autoplay&quot;:&quot;endless&quot;,&quot;interval&quot;:5,&quot;loop_manual&quot;:&quot;manual-endless&quot;,&quot;autoplay_stopper&quot;:false,&quot;noNavigation&quot;:true,&quot;bg_slider&quot;:false,&quot;keep_padding&quot;:false,&quot;hoverpause&quot;:false,&quot;show_slide_delay&quot;:0}\"  itemprop=\"image\" itemscope=\"itemscope\" itemtype=\"https:\/\/schema.org\/ImageObject\" ><ul class='avia-slideshow-inner ' style='padding-bottom: 42%;'><li  class='avia-slideshow-slide av-3zqsix-1e9293b363215e60f03fe77ffbff81e2__0  av-single-slide slide-1 slide-odd'><div data-rel='slideshow-1' class='avia-slide-wrap '   ><img decoding=\"async\" fetchpriority=\"high\" class=\"wp-image-408 avia-img-lazy-loading-not-408\"  src=\"https:\/\/formaconsulting.hu\/wp-content\/uploads\/2025\/07\/Epitesz_2-1500x630.jpg\" width=\"1500\" height=\"630\" title='Epitesz_2' alt=''  itemprop=\"thumbnailUrl\"   \/><\/div><\/li><\/ul><\/div>\n\n<style type=\"text\/css\" data-created_by=\"avia_inline_auto\" id=\"style-css-av-3ekfb5-826174aafb974b8d34701a4013f2f68a\">\n#top .flex_column.av-3ekfb5-826174aafb974b8d34701a4013f2f68a{\nmargin-top:0px;\nmargin-bottom:0px;\n}\n.flex_column.av-3ekfb5-826174aafb974b8d34701a4013f2f68a{\nborder-radius:0px 0px 0px 0px;\npadding:0px 0px 0px 0px;\n}\n.responsive #top #wrap_all .flex_column.av-3ekfb5-826174aafb974b8d34701a4013f2f68a{\nmargin-top:0px;\nmargin-bottom:0px;\n}\n<\/style>\n<div  class='flex_column av-3ekfb5-826174aafb974b8d34701a4013f2f68a av_one_full  avia-builder-el-1  el_after_av_slideshow  el_before_av_one_half  first flex_column_div av-animated-generic bottom-to-top av-zero-column-padding  '     ><p>\n<style type=\"text\/css\" data-created_by=\"avia_inline_auto\" id=\"style-css-av-3aqy8h-56ab9671364eecefdfd044cb7028c5f0\">\n#top .av-special-heading.av-3aqy8h-56ab9671364eecefdfd044cb7028c5f0{\npadding-bottom:0;\n}\nbody .av-special-heading.av-3aqy8h-56ab9671364eecefdfd044cb7028c5f0 .av-special-heading-tag .heading-char{\nfont-size:25px;\n}\n.av-special-heading.av-3aqy8h-56ab9671364eecefdfd044cb7028c5f0 .av-subheading{\nfont-size:15px;\n}\n<\/style>\n<div  class='av-special-heading av-3aqy8h-56ab9671364eecefdfd044cb7028c5f0 av-special-heading-h2 blockquote modern-quote  avia-builder-el-2  el_before_av_hr  avia-builder-el-first '><h2 class='av-special-heading-tag '  itemprop=\"headline\"  >\u00c9p\u00edt\u00e9szeti tervez\u00e9s<\/h2><div class=\"special-heading-border\"><div class=\"special-heading-inner-border\"><\/div><\/div><\/div><br \/>\n\n<style type=\"text\/css\" data-created_by=\"avia_inline_auto\" id=\"style-css-av-31i0w9-0eb503df073dd39c655e4aa2e615f7fe\">\n#top .hr.av-31i0w9-0eb503df073dd39c655e4aa2e615f7fe{\nmargin-top:10px;\nmargin-bottom:10px;\n}\n.hr.av-31i0w9-0eb503df073dd39c655e4aa2e615f7fe .hr-inner{\nwidth:50px;\nborder-color:#efbb20;\n}\n<\/style>\n<div  class='hr av-31i0w9-0eb503df073dd39c655e4aa2e615f7fe hr-custom  avia-builder-el-3  el_after_av_heading  avia-builder-el-last  hr-left hr-icon-no'><span class='hr-inner inner-border-av-border-fat'><span class=\"hr-inner-style\"><\/span><\/span><\/div><\/p><\/div>\n\n<style type=\"text\/css\" data-created_by=\"avia_inline_auto\" id=\"style-css-av-2vt19l-55b9a744b2b2bb562cde8a834d259c66\">\n#top .flex_column.av-2vt19l-55b9a744b2b2bb562cde8a834d259c66{\nmargin-top:0px;\nmargin-bottom:0px;\n}\n.flex_column.av-2vt19l-55b9a744b2b2bb562cde8a834d259c66{\nborder-radius:0px 0px 0px 0px;\npadding:0px 0px 0px 0px;\n}\n.responsive #top #wrap_all .flex_column.av-2vt19l-55b9a744b2b2bb562cde8a834d259c66{\nmargin-top:0px;\nmargin-bottom:0px;\n}\n<\/style>\n<div  class='flex_column av-2vt19l-55b9a744b2b2bb562cde8a834d259c66 av_one_half  avia-builder-el-4  el_after_av_one_full  el_before_av_one_half  first flex_column_div av-animated-generic bottom-to-top av-zero-column-padding  column-top-margin'     ><section  class='av_textblock_section av-2pcxk1-f900f7779588b1ebf9707ea5d0f80ea5 '   itemscope=\"itemscope\" itemtype=\"https:\/\/schema.org\/CreativeWork\" ><div class='avia_textblock'  itemprop=\"text\" ><p>Az \u00e9p\u00edt\u00e9szeti tervez\u00e9s a funkcionalit\u00e1s, eszt\u00e9tika \u00e9s fenntarthat\u00f3s\u00e1g t\u00f6k\u00e9letes egyens\u00faly\u00e1t keresi, hogy olyan \u00e9p\u00fcleteket hozzon l\u00e9tre, amelyek nemcsak sz\u00e9pek, hanem hat\u00e9konyak \u00e9s k\u00f6rnyezetbar\u00e1tak is. C\u00e9g\u00fcnk a leg\u00fajabb technol\u00f3gi\u00e1kkal \u00e9s kreat\u00edv megold\u00e1sokkal seg\u00edt \u00fcgyfeleinknek \u00e1lmaik otthona vagy v\u00e1llalkoz\u00e1sa megtervez\u00e9s\u00e9ben.<\/p>\n<\/div><\/section><\/div>\n\n<style type=\"text\/css\" data-created_by=\"avia_inline_auto\" id=\"style-css-av-2k0i35-c10fef4501dea294dcc7655b0b0cc3f1\">\n#top .flex_column.av-2k0i35-c10fef4501dea294dcc7655b0b0cc3f1{\nmargin-top:0px;\nmargin-bottom:0px;\n}\n.flex_column.av-2k0i35-c10fef4501dea294dcc7655b0b0cc3f1{\nborder-radius:0px 0px 0px 0px;\npadding:0px 0px 0px 0px;\n}\n.responsive #top #wrap_all .flex_column.av-2k0i35-c10fef4501dea294dcc7655b0b0cc3f1{\nmargin-top:0px;\nmargin-bottom:0px;\n}\n<\/style>\n<div  class='flex_column av-2k0i35-c10fef4501dea294dcc7655b0b0cc3f1 av_one_half  avia-builder-el-6  el_after_av_one_half  el_before_av_one_half  flex_column_div av-animated-generic bottom-to-top av-zero-column-padding  column-top-margin'     ><section  class='av_textblock_section av-2f6jqp-297db587a2e6812078c4ae48e11c934c '   itemscope=\"itemscope\" itemtype=\"https:\/\/schema.org\/CreativeWork\" ><div class='avia_textblock'  itemprop=\"text\" ><ul>\n<li><strong>Koncepci\u00f3tervez\u00e9s:<\/strong>\u00a0Az \u00fcgyfelek elk\u00e9pzel\u00e9sei alapj\u00e1n kezdeti tervek \u00e9s koncepci\u00f3k k\u00e9sz\u00edt\u00e9se.<\/li>\n<li><strong>R\u00e9szletes tervek:<\/strong>\u00a0A koncepci\u00f3k alapj\u00e1n r\u00e9szletes \u00e9p\u00edt\u00e9szeti tervek k\u00e9sz\u00edt\u00e9se, bele\u00e9rtve a szerkezeti \u00e9s m\u0171szaki r\u00e9szleteket.<\/li>\n<li><strong>3D modellez\u00e9s \u00e9s vizualiz\u00e1ci\u00f3:<\/strong>\u00a0A tervek digit\u00e1lis 3D modellekk\u00e9 \u00e9s vizualiz\u00e1ci\u00f3kk\u00e1 alak\u00edt\u00e1sa, hogy az \u00fcgyfelek \u00e9l\u0151ben l\u00e1thass\u00e1k a v\u00e9geredm\u00e9nyt.<\/li>\n<li><strong>Enged\u00e9lyeztet\u00e9s \u00e9s dokument\u00e1ci\u00f3:<\/strong>\u00a0A sz\u00fcks\u00e9ges enged\u00e9lyek megszerz\u00e9s\u00e9nek t\u00e1mogat\u00e1sa \u00e9s a teljes dokument\u00e1ci\u00f3 elk\u00e9sz\u00edt\u00e9se.<\/li>\n<\/ul>\n<\/div><\/section><\/div>\n\n<style type=\"text\/css\" data-created_by=\"avia_inline_auto\" id=\"style-css-av-1f0qrt-c550ce88242f1afa2b57d1780c57fc93\">\n.flex_column.av-1f0qrt-c550ce88242f1afa2b57d1780c57fc93{\nborder-radius:0px 0px 0px 0px;\npadding:0px 0px 0px 0px;\n}\n<\/style>\n<div  class='flex_column av-1f0qrt-c550ce88242f1afa2b57d1780c57fc93 av_one_half  avia-builder-el-8  el_after_av_one_half  el_before_av_one_half  first flex_column_div av-animated-generic bottom-to-top av-zero-column-padding  column-top-margin'     ><p>\n<style type=\"text\/css\" data-created_by=\"avia_inline_auto\" id=\"style-css-av-19ofxl-c89884dcd26c78d0b013ee491d21465b\">\n#top .av-special-heading.av-19ofxl-c89884dcd26c78d0b013ee491d21465b{\npadding-bottom:0;\n}\nbody .av-special-heading.av-19ofxl-c89884dcd26c78d0b013ee491d21465b .av-special-heading-tag .heading-char{\nfont-size:25px;\n}\n.av-special-heading.av-19ofxl-c89884dcd26c78d0b013ee491d21465b .av-subheading{\nfont-size:15px;\n}\n<\/style>\n<div  class='av-special-heading av-19ofxl-c89884dcd26c78d0b013ee491d21465b av-special-heading-h2 blockquote modern-quote  avia-builder-el-9  el_before_av_hr  avia-builder-el-first '><h2 class='av-special-heading-tag '  itemprop=\"headline\"  >Mi\u00e9rt v\u00e1lasszon minket?<\/h2><div class=\"special-heading-border\"><div class=\"special-heading-inner-border\"><\/div><\/div><\/div><br \/>\n\n<style type=\"text\/css\" data-created_by=\"avia_inline_auto\" id=\"style-css-av-1569yx-77fbe1ff02124950b214a7b418ca00dc\">\n#top .hr.av-1569yx-77fbe1ff02124950b214a7b418ca00dc{\nmargin-top:10px;\nmargin-bottom:10px;\n}\n.hr.av-1569yx-77fbe1ff02124950b214a7b418ca00dc .hr-inner{\nwidth:50px;\nborder-color:#efbb20;\n}\n<\/style>\n<div  class='hr av-1569yx-77fbe1ff02124950b214a7b418ca00dc hr-custom  avia-builder-el-10  el_after_av_heading  el_before_av_textblock  hr-left hr-icon-no'><span class='hr-inner inner-border-av-border-fat'><span class=\"hr-inner-style\"><\/span><\/span><\/div><br \/>\n<section  class='av_textblock_section av-yysg1-36f7b6c87474f1ed1427528c90e3274c '   itemscope=\"itemscope\" itemtype=\"https:\/\/schema.org\/CreativeWork\" ><div class='avia_textblock'  itemprop=\"text\" ><ul>\n<li><strong>Egyedi tervek:<\/strong>\u00a0Minden projekt\u00fcnk egyedi, az \u00fcgyfelek ig\u00e9nyeire \u00e9s elk\u00e9pzel\u00e9seire szabott.<\/li>\n<li><strong>Modern technol\u00f3gi\u00e1k:<\/strong>\u00a0A\u00a0<strong>BIM (Building Information Modeling)<\/strong>\u00a0\u00e9s\u00a0<strong>3D modellez\u00e9s<\/strong>\u00a0seg\u00edts\u00e9g\u00e9vel r\u00e9szletes \u00e9s pontos terveket k\u00e9sz\u00edt\u00fcnk.<\/li>\n<li><strong>Fenntarthat\u00f3s\u00e1g:<\/strong>\u00a0Olyan terveket k\u00e9sz\u00edt\u00fcnk, amelyek cs\u00f6kkentik a k\u00f6rnyezeti hat\u00e1st \u00e9s n\u00f6velik az energiahat\u00e9konys\u00e1got.<\/li>\n<\/ul>\n<\/div><\/section><\/p><\/div>\n\n<style type=\"text\/css\" data-created_by=\"avia_inline_auto\" id=\"style-css-av-pfroh-9e7f04e799e9a9f1a2e36232c26dca1f\">\n.flex_column.av-pfroh-9e7f04e799e9a9f1a2e36232c26dca1f{\nborder-radius:0px 0px 0px 0px;\npadding:0px 0px 0px 0px;\n}\n<\/style>\n<div  class='flex_column av-pfroh-9e7f04e799e9a9f1a2e36232c26dca1f av_one_half  avia-builder-el-12  el_after_av_one_half  el_before_av_one_full  flex_column_div av-animated-generic bottom-to-top av-zero-column-padding  column-top-margin'     ><\/div>\n<style type=\"text\/css\" data-created_by=\"avia_inline_auto\" id=\"style-css-av-ghqbd-3b58827276a52270647491dfe2c0cdc6\">\n.flex_column.av-ghqbd-3b58827276a52270647491dfe2c0cdc6{\nborder-width:1px;\nborder-color:#e1e1e1;\nborder-style:solid;\nborder-radius:0px 0px 0px 0px;\npadding:20px 20px 20px 20px;\nbackground-color:#fcfcfc;\n}\n<\/style>\n<div  class='flex_column av-ghqbd-3b58827276a52270647491dfe2c0cdc6 av_one_full  avia-builder-el-14  el_after_av_one_half  avia-builder-el-last  first flex_column_div av-animated-generic bottom-to-top  column-top-margin'     ><section  class='av_textblock_section av-xkf5-5efede53f82e0851105ed1ea371e9e66 '   itemscope=\"itemscope\" itemtype=\"https:\/\/schema.org\/CreativeWork\" ><div class='avia_textblock'  itemprop=\"text\" ><p>V\u00e1llaljuk \u00faj \u00e9s megl\u00e9v\u0151 csal\u00e1dih\u00e1zak fel\u00faj\u00edt\u00e1s\u00e1nak tervez\u00e9s\u00e9t, tov\u00e1bb\u00e1 tervez\u0151i m\u0171vezet\u00e9s\u00e9t. Tov\u00e1bbi inform\u00e1ci\u00f3\u00e9rt l\u00e9pjen kapcsolatba vel\u00fcnk!<\/p>\n<\/div><\/section><\/div><\/p>\n","protected":false},"excerpt":{"rendered":"","protected":false},"author":1,"featured_media":83,"parent":25,"menu_order":4,"comment_status":"closed","ping_status":"closed","template":"","meta":{"footnotes":""},"class_list":["post-113","page","type-page","status-publish","has-post-thumbnail","hentry"],"_links":{"self":[{"href":"https:\/\/formaconsulting.hu\/index.php?rest_route=\/wp\/v2\/pages\/113","targetHints":{"allow":["GET"]}}],"collection":[{"href":"https:\/\/formaconsulting.hu\/index.php?rest_route=\/wp\/v2\/pages"}],"about":[{"href":"https:\/\/formaconsulting.hu\/index.php?rest_route=\/wp\/v2\/types\/page"}],"author":[{"embeddable":true,"href":"https:\/\/formaconsulting.hu\/index.php?rest_route=\/wp\/v2\/users\/1"}],"replies":[{"embeddable":true,"href":"https:\/\/formaconsulting.hu\/index.php?rest_route=%2Fwp%2Fv2%2Fcomments&post=113"}],"version-history":[{"count":6,"href":"https:\/\/formaconsulting.hu\/index.php?rest_route=\/wp\/v2\/pages\/113\/revisions"}],"predecessor-version":[{"id":421,"href":"https:\/\/formaconsulting.hu\/index.php?rest_route=\/wp\/v2\/pages\/113\/revisions\/421"}],"up":[{"embeddable":true,"href":"https:\/\/formaconsulting.hu\/index.php?rest_route=\/wp\/v2\/pages\/25"}],"wp:featuredmedia":[{"embeddable":true,"href":"https:\/\/formaconsulting.hu\/index.php?rest_route=\/wp\/v2\/media\/83"}],"wp:attachment":[{"href":"https:\/\/formaconsulting.hu\/index.php?rest_route=%2Fwp%2Fv2%2Fmedia&parent=113"}],"curies":[{"name":"wp","href":"https:\/\/api.w.org\/{rel}","templated":true}]}}